55)/(g/10)?
8
Let g be 3/(-2 + 2/2). Let l(w) = w**2 + 2*w + 1. Let m be l(g). Suppose -j + z + 19 = 0, 4*z + 16 = -m. What is the remainder when 39 is divided by j?
11
Let q = 141 + -98. What is the remainder when q is divided by 23?
20
Let h(m) = m**3 + 8*m**2 + 4*m + 7. What is the remainder when h(-6) is divided by 14?
13
Let k = 65 - 51. Suppose 0 = j - 4 - 1. Suppose 0 = 4*n + j*a - 149, 3*n - 2*a - a - 132 = 0. What is the remainder when n is divided by k?
13
Let v = 6 + -4. Suppose 0 = -0*l - 4*l - 2*r + v, -l = -r - 8. Let y = 9 - 1. Calculate the remainder when y is divided by l.
2
Let h = 0 + 3. Suppose 8*p = h*p + 5. Suppose 0 = -4*d, -o - p = -4*d - 12. Calculate the remainder when 21 is divided by o.
10
Suppose 3*b + 14 = 2, 3*j + 5*b - 148 = 0. Let g be j/(-21)*(-9)/(-2). Let y = -7 - g. Calculate the remainder when 14 is divided by y.
4
Let v = 8 - 5. Let k be v/2 - 2/4. What is the remainder when 29 is divided by 14 - k - 4/(-2)?
14
Let v(l) = -4*l - 6. Let h = 7 + 33. Calculate the remainder when h is divided by v(-5).
12
Let a be 4 + -2 + 1*2. Let k = 1 - 1. Suppose -13 = 3*f + a*s, s + k*s = -2*f - 2. What is the remainder when 2 is divided by f?
0
Suppose -5*u + 4*r = -0*r - 16, -u + r + 3 = 0. Suppose -4*k + 32 = u*w, -4*w = 2*k - k - 14. What is the remainder when (-50)/(-3) + (-2)/(-6) is divided by k?
5
Suppose 0 = -4*d + 2*n + 12, 3*d = -4*n - 1 + 21. Let o = -3 - -13. What is the remainder when o is divided by d?
2
Calculate the remainder when ((-35)/2)/(3/(-6)) is divided by 2/(-6 + (-37)/(-6)).
11
Let o(y) = y**3 - 3*y**2 - y + 5. Suppose -20 = -5*j - 5*u, 24 - 8 = 4*j - u. Let z be o(j). Let s = 31 - z. What is the remainder when s is divided by 8?
6
Let w be 1 + (-4)/(8/(-130)). Suppose -3*k = -3*p + w, 5*p = -3*k + 27 + 51. What is the remainder when p is divided by 10?
8
Let k(g) = -4 - 2*g - 2 + 3 - 5. What is the remainder when 47 is divided by k(-10)?
11
Let l be (-1)/(-2)*(-5 - -5). Suppose -3*v + 27 + 24 = l. Suppose 3*w + 5*w = 72. What is the remainder when v is divided by w?
8
Suppose a + 12 = -3*l - 3*a, 0 = -2*l - a - 3. Let r(x) = x**2 + 10*x - 11. Let d be r(-12). Let i = d + l. What is the remainder when i is divided by 5?
3
Let x = -6 - -21. Let w = -74 + 101. What is the remainder when w is divided by x?
12
Let r(n) = -2*n + 11. Calculate the remainder when 18 is divided by r(0).
7
Let y(u) = 5*u - 15. Let h = 7 + 4. Calculate the remainder when y(9) is divided by h.
8
Suppose -42*r + 46*r - 212 = 0. Calculate the remainder when r is divided by 10.
3
Suppose 0 = -4*a + 4 - 0. Suppose -a = -0*h - h. Calculate the remainder when 2 is divided by h.
0
Suppose 12 = b + 2*b. What is the remainder when 26 is divided by b?
2
Suppose 4*q - 691 = 6*k - 9*k, -872 = -5*q - k. What is the remainder when q is divided by 44?
43
Calculate the remainder when 1 is divided by (5 - 1) + 2 + -5.
0
Suppose -14 = -20*u + 19*u. Calculate the remainder when 37 is divided by u.
9
Let d be -4 + 3 + 1*28. Let y = d + -14. Calculate the remainder when 48*(1 - (-2)/(-4)) is divided by y.
11
Let t(d) = 6*d - 6. Suppose 2*x + 4*z + 3 = x, z = 5*x - 27. Calculate the remainder when t(3) is divided by x.
2
Let u = 42 + 9. What is the remainder when u is divided by 13?
12
Let z be 2/(-4) + (-23)/(-2). Suppose -g - z = 2. Let v = g - -32. What is the remainder when v is divided by 7?
5
Suppose 50 = 2*a + 3*m, 0*a + 2*m - 65 = -3*a. Suppose -5*c - 4*r + 172 = 0, -5*r = 5 - 20. Let n = c - 22. What is the remainder when a is divided by n?
9
Let j(g) = 4*g - 2 - 3 - 5*g - 2*g. Let h = -11 + 15. What is the remainder when j(-5) is divided by h?
2
Suppose 177 = -2*y - y. Let q = y + 83. Suppose i + 4*i = 65. What is the remainder when q is divided by i?
11
Let k be ((-5)/(-2))/(2/4). Suppose -5*v = -k*y + y + 53, -5*y = 5*v - 10. What is the remainder when y is divided by 25/10 - 2/(-4)?
1
Suppose 488 = 7*o - 51. What is the remainder when o is divided by 16?
13
Let v(o) = -8*o + 1. Suppose 6*w - 2*g = 2*w + 36, -2*w + 3*g + 26 = 0. Calculate the remainder when v(-3) is divided by w.
4
Let d(x) = x**3 - 7*x**2 - 6*x + 9. Suppose 5*t = 5*v - 60, -2*v + 2*t = 2*v - 42. Calculate the remainder when d(8) is divided by v.
7
Let o = -1 - -6. Let c(k) = k**2 - 2*k. Let q be c(3). Suppose 0 = 4*t + 5*z - 37, -18 - 11 = -4*t + q*z. Calculate the remainder when t is divided by o.
3
Calculate the remainder when 18 is divided by 79/7 - (-2)/(-7).
7
Calculate the remainder when 38/4*(1 + 1) is divided by 3/1 - (-12)/3.
5
Let f(r) = r**3 - 4*r**2 + 3*r - 6. Suppose -7 = 4*j - 23. Calculate the remainder when 10 is divided by f(j).
4
Let u = 243 + -170. Suppose -19 - u = -4*c. What is the remainder when c is divided by 6?
5
Let u(y) = y**2 + 7*y + 2. Let n be u(-7). Suppose 3*s - 11 = -n. Suppose -5*h - 4*k = -13, -k - 16 = -2*h + k. Calculate the remainder when h is divided by s.
2
Let r(a) = -a**3 - 8*a**2 + 6*a + 6. What is the remainder when r(-9) is divided by (-1)/(3 + (-16)/6)*-3?
6
Suppose 2*k - 13 = -o, 2*o - 3*k - 2*k + 19 = 0. Suppose -o = -q + 1. What is the remainder when ((-38)/q - -2)*-2 is divided by 8?
7
Suppose 0 = 2*u - 0 - 10. What is the remainder when 12 is divided by u?
2
Suppose 2*i - 323 = 3*g, 3*i + 4*g - 507 = g. Calculate the remainder when i is divided by 43.
37
Suppose 2*w + 6*w - 472 = 0. What is the remainder when w is divided by 31?
28
Suppose -s = s + 4, 0 = -4*k + s - 10. Let f = k + 22. What is the remainder when f is divided by 5?
4
Suppose 5*h - 20 - 60 = 0. Calculate the remainder when 62 is divided by h.
14
Calculate the remainder when 13 is divided by (16/5)/(34/85).
5
Calculate the remainder when (-2)/(528/268 + -2) is divided by (20/(-25))/((-4)/170).
33
Suppose -6*u + 91 = -35. What is the remainder when 40 is divided by u?
19
Let g = -64 - -93. Calculate the remainder when g is divided by ((-60)/9)/(4/(-6)).
9
Suppose 3*o - 5 = 73. Calculate the remainder when o is divided by 7.
5
Let f(k) = -k + 8. Let y = 10 - 16. Calculate the remainder when 30*(2 + y/9) is divided by f(-6).
12
Suppose n + 8 = r - 3*n, -109 = -3*r - 5*n. Let q(k) = k**2 - 9*k + 10. Calculate the remainder when r is divided by q(9).
8
Let r = 21 + -10. What is the remainder when 31 is divided by r?
9
Suppose -4*o - 2*q - 3 - 15 = 0, 15 = -o - 4*q. Suppose -2*u + 0*u = -20. Calculate the remainder when o/9 - 255/(-9) is divided by u.
8
Let w = -6 - -3. Calculate the remainder when 14/w*15/(-5) is divided by 8.
6
Let k = -113 - -169. Calculate the remainder when k is divided by -2 - -4 - -28 - 1.
27
Let g = 63 - 33. Let c(p) = -p**3 + 6*p**2 + 9. Let m(x) = x**2 + x. Let q(l) = c(l) + m(l). Calculate the remainder when g is divided by q(7).
14
Suppose -3*a + 40 = -5*a. Let h = -12 - a. Calculate the remainder when 30 is divided by h.
6
Suppose 3*i = 8*i - 475. Let h = i + -61. What is the remainder when h is divided by 12?
10
Suppose -5*a = 2*b - 30, -3*a - 5*b + 4 = 5. What is the remainder when 15 is divided by a?
7
Let n be 9 + -1 + 0 + -1. Suppose -n - 26 = -3*x. Suppose 0*p = -2*p + 62. What is the remainder when p is divided by x?
9
Let i = 2 + 3. Let w(h) = -h**3 - 2*h**2 + 5*h + 2. Calculate the remainder when w(-4) is divided by i.
4
Let j(w) = -5*w + 4*w - 2 + 2*w - 2*w**2 - 2*w**3. What is the remainder when 10 is divided by j(-2)?
2
Let j(y) = -6*y + 3*y + 9*y**2 + 4 + 6*y - 10 - y**3. Calculate the remainder when j(9) is divided by 6.
3
Calculate the remainder when (-2 - 0) + 51 - 4 is divided by 12.
9
Let y(z) = -2*z**2 - z. Let n be y(-2). Let o be (-10)/6 + (-4)/n. What is the remainder when o/(2/(-16)) + -1 is divided by 4?
3
Let x be 3 + (-31)/(-2 + 3). Let j = -19 - x. Calculate the remainder when 24 is divided by j.
6
Suppose 0*j = -4*j. Suppose 0 = -2*t + 12 - j. Let g(q) = 2*q + 2. What is the remainder when g(7) is divided by t?
4
Let v(o) be the second derivative of -o**3/3 - 5*o**2/2 - o. Calculate the remainder when 18 is divided by v(-6).
4
Suppose 8*a - a - 224 = 0. What is the remainder when 94 is divided by a?
30
Suppose -20 + 6 = -z. What is the remainder when z is divided by 4?
2
Let k(h) = h**3 - 12*h**2 - h + 16. Let r be k(12). Suppose -7*q + r*q = -9. What is the remainder when 4 is divided by q?
1
S